. Calculate the remainder when f is divided by (-23)/(-115)*(5 + 0)*13.
12
Suppose 137 - 1266 - 71 = -15*k. What is the remainder when 210 is divided by k?
50
Let y = -12 - -15. Suppose 2*p + 37 = -y*t + 235, 2*p = -5*t + 330. Suppose 0 = 8*g - 136. Calculate the remainder when t is divided by g.
15
Suppose -5*v - l = -122, 5*l = -4*v + 99 - 14. Suppose -40*b = 21*b - 1464. Calculate the remainder when b is divided by 185/v + (-2)/5.
3
Suppose 2*n + 0*a - 82 = -a, -125 = -3*n - a. Let u be (-20)/(-10) + 3/1. Calculate the remainder when ((-36)/u)/((260/(-350))/13) is divided by n.
40
Let i = -73 + 42. Let u = -11 - i. What is the remainder when 97 is divided by u?
17
Suppose 0*g = -13*g + 26. Let c be g*(3 + -1) - -41. What is the remainder when 25*(12/c*24 + -4) is divided by 21?
18
Let u = 107 + -290. Let c = -167 - u. Calculate the remainder when 57 is divided by c.
9
Let z = -4446 - -4497. Calculate the remainder when 1524 is divided by z.
45
Suppose 58*g - 53035 - 7415 = -7*g. What is the remainder when g is divided by 129?
27
Let w = -535 + 511. What is the remainder when w/(-9)*(-1419)/(-44) is divided by 30?
26
Suppose -2*j - 4*m - 2 = 0, 2*m - 20 = -14*j + 16*j. What is the remainder when (-20)/(-70) + (-313)/j is divided by 24?
21
Let l(x) be the second derivative of -5*x**3/6 - 15*x**2/2 - 290*x. Let d be (-38)/4 + 4/(-8). Calculate the remainder when l(d) is divided by 19.
16
Let y = 886 - 592. Suppose 4*b + y - 826 = 0. What is the remainder when b is divided by 45?
43
Let k(y) = -2*y + 22. Let g be k(11). Suppose g = 4*l + 3*q - 23, -3*q = q - 20. Suppose -28 + 6 = -l*w. Calculate the remainder when 19 is divided by w.
8
Let v be (-12996)/(-58) + (-148)/2146. Suppose 29*m + v = 30*m. What is the remainder when m is divided by 25?
24
Let v(k) = k**3 + 7*k**2 - 51*k - 183. What is the remainder when 2668 is divided by v(-10)?
22
Let v = 1165 - 1078. Let n(w) = w**2 - 3*w + 36. Calculate the remainder when v is divided by n(5).
41
Let b(d) = -d**3 - 5*d**2 + 6*d + 9. Let w be (105/112*-4)/(3/1016). Let m = w + 1276. What is the remainder when b(-6) is divided by m?
3
Calculate the remainder when 669 is divided by (20 - 913/11)/((-3)/4).
81
Let t(b) = 334*b - 10. Let w be t(2). Let f = w - 638. What is the remainder when 88 is divided by f?
8
Suppose 1362 - 692 = 5*w. Suppose 0 = 128*u - w*u + 36. Calculate the remainder when 10 is divided by u.
4
Suppose 124*b = 122*b + 38. Suppose -16*h = -b*h - 3*p, 2*h - 20 = 2*p. What is the remainder when 8 is divided by h?
3
Suppose 2*z = -z + 9. Let a be -8 + 72 - z*-1. Let j = a + -31. What is the remainder when j is divided by 10?
6
Let i = -209 - -218. Suppose -i*t + 2076 = 3*t. Calculate the remainder when t is divided by 29.
28
Let q(u) = 4*u + 5*u**2 - 3*u**2 + 13*u**2 - 14. Calculate the remainder when q(5) is divided by 64.
61
Suppose -3*o + 36 = 3*n, -2*n + 3*o - 60 = -7*n. Suppose n*q + 329 = 19*q. What is the remainder when q is divided by 29?
18
Let b = 93 + -95. Suppose 0*q - 261 = -3*q. Calculate the remainder when q is divided by (-54)/b + (0 - (9 + -12)).
27
Let l(f) = -2*f**3 - 50*f**2 + 97*f - 89. What is the remainder when l(-27) is divided by 37?
23
Suppose -o - r - 320 = 0, -o + 0*o + r - 320 = 0. Let n = -261 - o. What is the remainder when 81 is divided by n?
22
Suppose 3*h = -3*r + 3075, -r + 700*h - 702*h = -1024. Calculate the remainder when r is divided by 33.
3
Suppose -4*k + 65 = 4*v - 7*k, 4*k - 2 = -v. What is the remainder when 293 is divided by v?
13
Let f be (-5)/(-3)*(4 - -2). Let j = 30 - f. What is the remainder when 246/1107 - 520/(-9) is divided by j?
18
Let o(w) = -68*w**3 - w**2 - 2*w. Let d = -68 - -67. Let i be d + (-4)/2 - (-2 - 0). Calculate the remainder when o(i) is divided by 12.
9
Let r = 2570 + -2458. Let o be (-5 + 43)/((-1)/(-2)). Suppose -2*j = -0*j - o. Calculate the remainder when r is divided by j.
36
Suppose 125*b + 210 = 130*b - 5*q, 2*q - 18 = 0. Let x = -157 - -304. What is the remainder when x is divided by b?
45
What is the remainder when (0 + 1719/12)*12 - 10 is divided by 567?
8
Suppose 3*u + 27 = 2*m, u + 4 = 5*m - 5. Let b = 6 - u. Suppose i = -4*r + 402, 3*r + 17 = 4*i + 328. Calculate the remainder when r is divided by b.
11
Let u = 10110 + -8554. Calculate the remainder when u is divided by 52.
48
Let g = 4030 - 1438. What is the remainder when g is divided by 20?
12
Let q(j) = 17*j + 4368. What is the remainder when q(-12) is divided by 85?
84
Let h = -16475 - -17318. Calculate the remainder when h is divided by 275.
18
Let n(r) = 17*r - 109. Let p be n(7). Let b(t) = -t**2 + 13*t - 18. Calculate the remainder when 191 is divided by b(p).
11
Suppose -25*w + 3*w = -65*w + 24381. Calculate the remainder when 604 is divided by w.
37
Let a = 2418 - 2403. Calculate the remainder when 1072 is divided by a.
7
Let q(f) = 493*f + 103. What is the remainder when q(4) is divided by 44?
7
Let w(t) = -t**3 - t**2 + 15. Let j be w(0). Suppose -135 = -4*h - j. Suppose -23*p + 2135 = -556. What is the remainder when p is divided by h?
27
Suppose -6 = n, -44*o + 49*o - 2*n = 982. Calculate the remainder when o is divided by 43.
22
What is the remainder when (-1853058)/(-549) - (-2)/(-6) is divided by 4?
3
Suppose -3*l + t + 4019 = 0, -5*t + 2668 = 7*l - 5*l. Let d = l - 621. Calculate the remainder when d is divided by 20.
18
Suppose 0*y + 62 = -h - 5*y, 3*y = -6. Let w = 65 + h. Suppose m - w = 6. Calculate the remainder when 37 is divided by m.
18
Let y = 6 - 5. Let j(c) = c**3 - 46*c**2 - 146*c - 41. Calculate the remainder when j(49) is divided by y.
0
Let o(p) = p**3 - 475 + 2*p + 482 + 0*p. Let i be o(3). Suppose h - i = 22. What is the remainder when h is divided by 13?
10
Let l be (0 - -1)/(16/304). Let v = l + -14. Let k(h) = 3*h**2 - h + 41. Calculate the remainder when k(v) is divided by 14.
13
Suppose 21*w + 389 + 715 = 44*w. Suppose -2*v = -118 + 42. Let d = 63 - v. Calculate the remainder when w is divided by d.
23
Let c(y) = -2*y**2 - 12*y + 413. What is the remainder when c(-14) is divided by 3?
0
Let m = -188 + 430. Suppose -5*u - 3*q = m, -5*u + 0*q - 234 = q. Calculate the remainder when 67 is divided by ((-2)/5 + 4/(-40))*u.
21
Let a(u) = u**3 - 5*u**2 + u + 6. Suppose -4*k - 5*p + 26 = 0, 0 = 5*k + 336*p - 337*p - 105. What is the remainder when k is divided by a(5)?
8
Suppose 0 = 4*m - 204 - 64. Suppose -254 = -m*s + 65*s. Calculate the remainder when s is divided by 58.
11
Let t(s) = -s**3 - 2*s**2 + 3*s - 5. Let j be t(0). Calculate the remainder when 508 is divided by j/(-2)*(704/40 + -4).
32
Suppose -5*g - 34*g = 24*g - 39060. What is the remainder when g is divided by 300?
20
Let z = 0 - -7. Suppose 0 = -27*i + 2187 + 999. What is the remainder when i is divided by z?
6
Let d be -1 - (-5)/((-25)/(-45)). Let u be ((-34)/(-8))/((-2)/d). Let w = u - -27. What is the remainder when 39 is divided by w?
9
Let x = -9911 + 10171. Calculate the remainder when x is divided by 11.
7
Let u(i) be the second derivative of 0 - 13/6*i**3 - 1/2*i**4 + 3/2*i**2 + 1/20*i**5 + 9*i. Calculate the remainder when u(9) is divided by 33.
30
Suppose -3*i + 32 = -52. Calculate the remainder when 1395 is divided by i.
23
Suppose 11*o - 41 - 25 = 0. Calculate the remainder when 26 is divided by 1232/392 - o/(-7).
2
Let y = -59 - -56. Suppose -2*q - 3*q = -115. What is the remainder when q is divided by ((-1)/y + 665/57)/1?
11
Suppose -820 - 839 = -3*m - 2*k, -5*k + 1117 = 2*m. What is the remainder when m is divided by 49?
12
Let u(t) be the first derivative of 4*t**3/3 - 6*t**2 - 19*t - 49. Calculate the remainder when u(-6) is divided by 50.
47
Let i be 9/21 - (-1736)/(-49). Let n = i - -65. Let v = 19 + n. What is the remainder when 144 is divided by v?
46
Suppose 0 = -8*o + 414 + 378. Let b be (-19 + 4)/1 - 2. Let l = o - b. What is the remainder when l is divided by 13?
12
Suppose -41904 = 142*s - 190*s. What is the remainder when s is divided by 12?
9
Calculate the remainder when 340 is divided by (150/(-350) - 29/14)*4/(-2).
0
Let f(n) = -9*n**2 + 614*n + 9576. What is the remainder when f(-13) is divided by 4/10 + (-103)/(-5)?
10
Let q be (-16)/80 - (-28)/(-10). Let b = q - 19. Let s = 9 - b. What is the remainder when 121 is div